 8*p**2 - 14*p + 3. What are the prime factors of j(10)?
3, 7
Suppose 0 = 5*p + 4*q + 2 - 3, -5*p = 3*q - 2. Suppose 5*i - 31 = -p. Suppose -d = i - 11. List the prime factors of d.
5
Suppose 8*l = 6*l + 62. Suppose -y + l + 73 = 0. What are the prime factors of y?
2, 13
Let a(o) = 17*o + 15. Let k(d) = 16*d + 14. Let w(n) = -4*a(n) + 3*k(n). What are the prime factors of w(-8)?
2, 71
Suppose 279*u - 281*u + 706 = 0. What are the prime factors of u?
353
What are the prime factors of 1412 - (-1 - 2*(-49)/14)?
2, 19, 37
Suppose 0 = 4*z - 5*h + 198, 3*z - 5*h + h + 148 = 0. List the prime factors of (-3)/(48/z)*(86 + 2).
2, 11, 13
List the prime factors of 1758 + (77/(-11))/(1 + -2).
5, 353
Suppose -17*g = 14*g - 310. What are the prime factors of g?
2, 5
List the prime factors of (2 + 0)*(2 + 1071/14).
157
Suppose -5*r - 14 = -4*j, -j + r = 2*r - 8. Let q be 5748/36 - (-1)/3. Suppose -10*v + q = -j*v. List the prime factors of v.
2, 5
Let f(n) be the second derivative of -n**6/360 - n**5/24 - 5*n**3/6 + 2*n. Let z(y) be the second derivative of f(y). List the prime factors of z(-3).
2, 3
Suppose -7*p - 54 + 19 = 0. Let r(a) = -43*a. List the prime factors of r(p).
5, 43
Let t = 99 + -97. What are the prime factors of (5 + -94)/((1 - t)/2)?
2, 89
Let g be 28/7 + (-21)/1. Let u = -57 - g. Let k = u - -61. List the prime factors of k.
3, 7
Let h be (1/(-3))/((-2)/18). Suppose -5*q + h*o - 5*o = -36, -q + 2*o = 0. What are the prime factors of q?
2, 3
Suppose 0 = -2*v + 5*v - 27. Let t(m) = -m**3 + 8*m**2 + 10*m - 6. Let w be t(v). Suppose 5*j = -2*h - 13, 3 - 6 = -3*h - w*j. What are the prime factors of h?
2, 3
Let w(h) = -155*h - 194. List the prime factors of w(-6).
2, 23
Let d(z) = z + 14. Let v be d(-10). Suppose 2*g + 4*w + 0*w = 0, v*w = 3*g - 20. Suppose -2*k + 25 = -g*m - 11, m = 3*k - 74. What are the prime factors of k?
2, 13
Let d be 4*(4 - 52/16). Suppose 411 = 3*p + d*q, 0 = -5*p + 3*p + 2*q + 254. What are the prime factors of p?
2, 3, 11
Let b(p) = -p**3 + 10*p**2 - 8*p + 10. Let c be (-3 - -7) + 0 - -4. What are the prime factors of b(c)?
2, 37
Suppose -2*j - 2*j = 16. Let h(n) = -n**3 - 2*n**2 - 3*n - 1. List the prime factors of h(j).
43
Suppose 0 = 3*h - 8*h + 655. Suppose -h = -3*r + 70. What are the prime factors of r?
67
Let l(i) = -i**3 + 15*i**2 - 6*i + 10. Let p be l(15). Let o = -12 - p. Let m = o + -46. List the prime factors of m.
2, 11
Let x(b) = 113*b + 58. What are the prime factors of x(22)?
2, 3, 53
List the prime factors of 1533 + (-3 + 6 - -1).
29, 53
Let o(l) = l**2 + 5*l - 11. Let n be 70/(-6) - 5/15. What are the prime factors of o(n)?
73
Suppose -3*b + 11*b + 8 = 0. List the prime factors of (-76)/6*b - (-3)/9.
13
Let s be 1/(-5) + 15212/10. Suppose -2*z = 7*z - s. What are the prime factors of z?
13
Let t = 77 + 55. Let r = -111 + 183. Suppose p + p - r = c, 4*p + 4*c = t. List the prime factors of p.
5, 7
Suppose 154 - 1132 = 6*l. Let h be (-1)/(-2 - -3) - l. Suppose -4*a = -2*d + h, -2*a - 2*a + 335 = 5*d. What are the prime factors of d?
71
Let d = 2 - 19. Let k be 1 + d - (1 - 3). Let w = 3 - k. What are the prime factors of w?
17
Let u(x) = x**2 - 2*x + 3. Let b = 9 + -6. Let o be u(b). Let c(a) = 4*a. List the prime factors of c(o).
2, 3
Suppose 0 = -4*n - 2*f + 14, -n + f = -2*n + 3. Suppose n*i + 80 - 800 = 0. List the prime factors of i.
2, 3, 5
Suppose 158*k = 148*k + 14040. List the prime factors of k.
2, 3, 13
Suppose 6*o - 4*o - 4*t - 1304 = 0, 0 = 5*o + 4*t - 3246. List the prime factors of o.
2, 5, 13
Let x = 2572 + -1653. List the prime factors of x.
919
Suppose 0 = -5*k - 3*q + 21056, -2*q = 163 - 167. What are the prime factors of k?
2, 5, 421
Suppose 0 = -3*b + 1 + 35. Let k be 4/8 - (-78)/4. List the prime factors of (-3)/b + 705/k.
5, 7
Suppose -103 - 200 = -3*n. Suppose -3*x + 37 = -n. What are the prime factors of x?
2, 23
Suppose o - 254 = -o. Suppose 2*l - t = 97, 4*l - 42 = -3*t + o. Suppose -w + l = 2*g - 104, -4*g - 3*w = -304. List the prime factors of g.
73
Suppose -10*h = -6*h + 16. What are the prime factors of (-538 + h)/(-2 - 0)?
271
Suppose 12*b - 553 = 1439. List the prime factors of b.
2, 83
Let r = -78 - -84. Let d(y) = y**3 - 7*y**2 + 7*y + 5. List the prime factors of d(r).
11
Let j = 885 - 694. What are the prime factors of j?
191
List the prime factors of 17/(-102) - 1129*(-1)/6.
2, 47
Let f be (-3)/(-2)*(-52)/6. Let c = -9 - f. Suppose -3*n - 195 = -5*u + 2*n, 5*u + c*n = 159. List the prime factors of u.
5, 7
Suppose -4*k + 2*k = -5*l - 36, -3*k = -4*l - 54. Suppose 15*j - k*j - 123 = 0. List the prime factors of (-3 + j)/(1 - 2).
2, 11
Let n be -8*(-1)/2 + 4 + -4. What are the prime factors of n*((-870)/8)/(-3)?
5, 29
Suppose 98*t = 100*t - 1174. What are the prime factors of t?
587
Suppose -3*o + 1785 = 516. List the prime factors of o.
3, 47
Let v be 18/(-108) + 2678/12. Let t = 376 - v. List the prime factors of t.
3, 17
Let g(i) = 17*i**2 + 2*i. Let h = 42 + -45. What are the prime factors of g(h)?
3, 7
Let o = 87 + 24. Let t = o + -67. List the prime factors of t.
2, 11
Suppose -17*o = -11*o. Suppose -32*g + 30*g + 304 = o. What are the prime factors of g?
2, 19
Let l(a) = 5*a + 23. Let n be l(-5). List the prime factors of 1 + 1/(n/(-372)).
11, 17
What are the prime factors of (1/(-3))/((-51)/47583)?
311
Suppose 0 = -4*g + 14 - 62. Let s = -14 - g. List the prime factors of 22/(-11)*17/s.
17
Suppose 103*j = 83*j + 67140. List the prime factors of j.
3, 373
Let z(g) = 4*g**3. Let m be z(1). Let a be m - (5 + (-12)/4). Suppose 0 = -2*b - 5*l + 76, -4*b = -a*l - 2*l - 96. List the prime factors of b.
2, 7
Suppose 39 = -6*l + 171. List the prime factors of l.
2, 11
Suppose -k - 19 = -5*s, -k + 2*s = -4*k - 6. Let l(g) = -3*g + 1. Let t be l(1). List the prime factors of t/k*46/1.
23
Suppose l + 3*y = 144, -4*l - y + 656 = -5*y. What are the prime factors of l?
3, 53
Let s = 21 - 23. Let a be s/(1 + 0)*-1. Let m = 12 - a. What are the prime factors of m?
2, 5
Suppose -x + 4*l = -457, 12*x + 1415 = 15*x - l. What are the prime factors of x?
11, 43
Suppose 4*y - 584 = -3*k, k - 4*k + 3*y = -570. Let p = 265 - 397. Let d = p + k. What are the prime factors of d?
2, 3, 5
Let r = 5 + -7. Let j be 5 + 16/(-3) + (-1859)/3. List the prime factors of j/(-16) - r/8.
3, 13
Suppose 126*m - 5460 = 119*m. List the prime factors of m.
2, 3, 5, 13
Let o = 4674 - -547. What are the prime factors of o?
23, 227
Suppose -8*r - 8771 = -15*r. What are the prime factors of r?
7, 179
Let k = 17937 - 12293. What are the prime factors of k?
2, 17, 83
Suppose 0 = -4*l - 4*f + 48, l - 3*f - 9 = 3. Let k = -13 + l. What are the prime factors of 4*6 + (-2 - k)?
23
Let d be ((-230)/8)/((-13)/104). Suppose 5*x = -3*l + x + 220, -d = -3*l + x. List the prime factors of l.
2, 19
Suppose 5*w + 9*w = 9184. List the prime factors of w.
2, 41
Let c(i) = i**3 + 9*i**2 - 5*i - 3. What are the prime factors of c(3)?
2, 3, 5
Suppose -28*i + 29*i - 926 = q, 2*q = -2. List the prime factors of i.
5, 37
Suppose 0 = -3*a - 2*l + 2, -a + 6 = -4*l + 2*l. Suppose 0 = -n + a*n + 3. What are the prime factors of n + 0/1 + 30?
3
Let s(v) = -3*v**2 - 17*v + 7. Let d(o) = o**2 + 8*o - 3. Let m(l) = 5*d(l) + 2*s(l). What are the prime factors of m(5)?
2
Let r be ((-21)/14*3)/((-1)/(-186)). What are the prime factors of 0 + 1/((6/r)/(-2))?
3, 31
Let w be -1*13*(8 - 7). Let v = w - -17. Suppose -35 = -g - v*j, 4*j - 12 - 117 = -3*g. What are the prime factors of g?
47
Suppose -2*w = -3*c + 11, w + w = 2*c - 6. Suppose -7*z = 6 - 83. Suppose 0 = w*y - z - 37. What are the prime factors of y?
2, 3
Let b = -5 - -24. Let y = b + -13. List the prime factors of 788/14 - y/21.
2, 7
Suppose -2*b - 24 = -0*v - v, 3*v + b = 44. Let i = -11 - -6. Let p = i + v. List the prime factors of p.
11
Let y be (-37)/3*(8 - -13). Let s = -127 - y. List the prime factors of s.
2, 3, 11
Let m = 8667 + -3695. List the prime factors of m.
2, 11, 113
Let f = -254 - -137. Let p = f + 258. List the prime factors of p.
3, 47
Let k(c) = -4*c - 7. Let s be k(-3). Suppose 0 = -3*g - w + 211 + 55, s*w + 62 = g. What are the prime factors of g?
3, 29
Let t(i) = -451*i**3 - i**2 - 3*i - 2. What are the prime factors of t(-1)?
11, 41
Let f(l) = -2 +